ist the prime factors of f.
28027
Let i(k) = -4*k**3 - 10*k**2 - 9*k - 9. Let b be i(-6). Suppose 4*m + f - 138 = -871, 3*m + f + b = 0. Let v = m + 437. What are the prime factors of v?
11, 23
Let y = -218 + 221. Suppose 9 = -y*b, -r = -3*r - b + 731. What are the prime factors of r?
367
Let l(s) be the third derivative of 8*s**4/3 + 13*s**3/2 + 33*s**2. List the prime factors of l(4).
5, 59
Let b = -81 - -81. Suppose -3*t = -15, -5*n = -b*n + 5*t - 50. Suppose 3*j - n*j = -254. What are the prime factors of j?
127
Suppose 33528 = 4*l - 4*k, 0 = -9*l + 7*l - k + 16749. What are the prime factors of l?
8377
Let n(i) = 4*i**2 + 2*i - 1. Let y(o) = -o + 6. Let k be y(5). Let g be n(k). Suppose -g*d + d - 2 = 3*j, -4*d - 10 = -j. What are the prime factors of j?
2
Let t be (-3)/(15/(-8))*65/(-2). Let d be 13/(t/264) + (1 - -2). List the prime factors of (d/14)/((-2)/92).
3, 23
Let u(r) = 39*r**2 + 365*r + 1460. List the prime factors of u(-4).
2, 3, 13
Suppose 1255*o - 1285*o + 238140 = 0. What are the prime factors of o?
2, 3, 7
Let k(d) = d + 22. Let i(a) = a**2 - 12*a + 18. Let t be i(5). Let v be k(t). What are the prime factors of (-4)/(-5)*(v - (4 - 144))?
2, 29
Let z = -7177 + 59547. List the prime factors of z.
2, 5, 5237
Let r be (-13)/(-3) + (-1 - (-6)/9). Let m(l) = 3*l + 20. Let g be m(-6). Suppose 2*k - r*k + 302 = -5*p, -g*k = 4*p - 284. What are the prime factors of k?
2, 73
Suppose 20039 + 23329 = 12*z. What are the prime factors of z?
2, 13, 139
Suppose 16*j = 41*j + 1625. What are the prime factors of (-9*j/39)/((-1)/(-27))?
3, 5
Let g = 75161 + -40108. What are the prime factors of g?
35053
Let y be (-9)/(189/(-1043)) - (-5)/(-3). Suppose 9413 + 8779 = y*x. What are the prime factors of x?
379
Suppose -3*x = -4*g - 5476, 0*x - x + 13*g + 1872 = 0. What are the prime factors of x?
2, 5, 7, 13
Suppose -246*n = -245*n - 4*h - 2077, 0 = 4*n - 3*h - 8386. What are the prime factors of n?
11, 191
Let z(h) = -8*h - 31. Let k be z(-16). Suppose 0 = -5*b + 6*c - 8*c - 6, 4*c - 8 = 0. Let l = k + b. List the prime factors of l.
5, 19
Let n(o) = 1819*o**3 - o**2 + 7*o + 3. What are the prime factors of n(2)?
3, 5, 971
Let b(y) = -84*y**3 + 30*y + 133. List the prime factors of b(-4).
17, 317
Suppose -5*c + 8198 = 4*x - 17474, 0 = -2*x + 6. List the prime factors of c.
2, 1283
Suppose -2*g = j - 13749, 26*g - 20 = 31*g. List the prime factors of j.
13757
Let n(r) = 2*r**3 + 12*r**2 + 2*r + 4. Let a be n(-6). Let f(j) = -34*j + 62. List the prime factors of f(a).
2, 167
Let b(q) be the third derivative of -q**4/8 - 4*q**3 + q**2. Let g be b(-12). Let o(c) = 3*c - 19. What are the prime factors of o(g)?
17
Suppose 72 = -10*g + 302. Let q be -2 - (-9 + (-1)/(-1)). Let v = g + q. What are the prime factors of v?
29
Suppose -2*g + 11345 = 36*q - 41*q, 0 = 4*g - 3*q - 22711. List the prime factors of g.
2, 5, 71
Suppose 2*i - 11696 = -2*t, 9*t + 2 = 10*t. Suppose 10*n - i = 834. List the prime factors of n.
2, 167
Suppose -52455 - 9377 = -10*s + 32278. List the prime factors of s.
3, 3137
Suppose 4*p + p + 3*z = 7477, -5*p + 7482 = -2*z. Suppose 7*d - 2753 - p = 0. What are the prime factors of d?
607
Let a(b) = b**3 + 12*b**2 + b + 8. Let o be a(-7). Let f = -92 + o. Let j = f - 64. What are the prime factors of j?
2, 3, 5
Suppose -31 + 23 = -2*x. Suppose -4*u - 8 = 4*m, -2*m + x*u + 1 = m. List the prime factors of m - 5/(10/(-22)).
2, 5
Let h = -8095 - -11980. Suppose 3*q - h = -4*x, -4*q - x + 274 + 4893 = 0. List the prime factors of q.
1291
Suppose g - 2*s = -0*s - 157, -4*g - 658 = 2*s. List the prime factors of -8 - (-3 - 2) - g.
2, 5
Let h = -33 + 35. Suppose -2*m + 8 = 4*i, -2 = -h*m - m - i. Suppose 4*f - b + m*b - 219 = 0, -2*f + 107 = -3*b. What are the prime factors of f?
5, 11
Suppose -43036 = -p + 4*h, 3*p = -16*h + 20*h + 129108. List the prime factors of p.
2, 7, 29, 53
Let k = 5152 - 898. What are the prime factors of k?
2, 3, 709
Let y = 79 + -79. Suppose y = 19*f - 1878 - 1029. What are the prime factors of f?
3, 17
Let w = 490 + 330. What are the prime factors of 328/w*103/(-4)*-10?
103
Suppose -4*n - 5*o + 6600 = 0, -5*n + 41*o + 8232 = 45*o. List the prime factors of n.
2, 5, 41
Let l(y) = -4*y**3 - 11*y**2 + 4*y - 12. List the prime factors of l(-10).
2, 89
Let x(z) = 6415*z + 60. List the prime factors of x(2).
2, 5, 1289
Let r(m) = -m - 19. Let k be r(-21). Let g(v) = 19 - 9*v**2 + 3*v**k - 2*v**2 - 4*v**2 + 10*v - v**3. List the prime factors of g(-13).
2, 29
Suppose -69*c - 37324 + 471174 = -19*c. List the prime factors of c.
8677
Let n be (48/(-20))/((-48)/(-640)). Let d be 117 + 0 - 0/1. Let i = n + d. What are the prime factors of i?
5, 17
Let t(f) = -9*f - 9*f - 7*f - 9*f + 46. What are the prime factors of t(-6)?
2, 5
Let d be ((-30)/(-5) + -4)/(-1). Let c be 224/21 + d/(-6). List the prime factors of (-10 + c)/((3/109)/3).
109
Suppose 0 = -3*v - 3*d + 78042, -3*v - 77*d + 73*d = -78050. What are the prime factors of v?
2, 13003
Let b(i) = -i**3 - 3*i**2 + 4*i - 8. Let r be b(-4). Let g be -1 + 10 - (r - -7). List the prime factors of (171/(-15))/((-2)/g).
3, 19
Let h(n) = -n + 26 + n**2 + 18 + n**3 - 50. Let a be h(6). Let i = 410 - a. List the prime factors of i.
2, 5, 17
Let x(c) = -120*c - 44. Let u be x(-5). Suppose 69*k = 70*k - u. List the prime factors of k.
2, 139
Suppose -6 = 2*q + 5*v, 2*q - 4*v - 2 = -5*v. Suppose -3*j + 967 = j - 5*y, q*j = -3*y + 511. List the prime factors of j.
2, 31
Let q(x) = 72*x**2 + 70*x + 542. List the prime factors of q(-7).
2, 5, 179
Suppose -2*i + 1321 = -0*i + 3*f, 0 = -4*f + 20. Let r = -395 + i. What are the prime factors of r?
2, 3, 43
Suppose 0 = -o + 3*o - 30. Let f be 4/(-12) + 7040/o. Suppose 0*s + f = 7*s. What are the prime factors of s?
67
Let l be (-4)/(-20) + 336/20. Let d = 92 - l. List the prime factors of d.
3, 5
What are the prime factors of (40 - -30477) + 6*((-8)/(-12) + 0)?
23, 1327
Suppose -8 = -2*l, 7300 = -197*g + 201*g + 4*l. What are the prime factors of g?
3, 607
Let w(h) = 6*h - 9. Let z(x) = -7*x + 9. Let q(c) = c**3 + 7*c**2 + 2*c + 10. Let n be q(-7). Let m(k) = n*z(k) - 5*w(k). What are the prime factors of m(3)?
3
Suppose -4*m = -11*m - 14345 + 55561. What are the prime factors of m?
2, 23
Suppose 130 = -48*i + 2290. What are the prime factors of -27*((-357)/i + (-21)/(-35))?
2, 3, 11
Suppose -7757 - 10866 = -11*c. Suppose -4*i + 1147 + c = 0. What are the prime factors of i?
2, 5, 71
Suppose 0 = 10*s - 272 + 82. Suppose s*h - 16*h - 825 = 0. Suppose 3*b = -41 + h. What are the prime factors of b?
2, 3, 13
Suppose -11*a + 16*a = 5*t - 13160, 0 = t - 3*a - 2622. What are the prime factors of t?
3, 293
Let i(g) = -13*g - 3. Let b be i(-1). Suppose -4*r = x + b - 1, 15 = 4*x - r. Suppose 0*m + x*j - 176 = -4*m, 221 = 5*m + 4*j. What are the prime factors of m?
41
Suppose 4*p + 7*s = 2*s + 16, 2*p + 2*s - 8 = 0. Suppose 2*a = p*f - a - 64, -4*f + 4*a = -68. Suppose -f*y + 1537 = 510. List the prime factors of y.
79
Let l = 2547 + -3639. Let h = l - -1918. What are the prime factors of h?
2, 7, 59
Suppose -6 = -2*i - 22. Let t(y) = y**3 + 9*y**2 - 16*y + 25. What are the prime factors of t(i)?
7, 31
Let u(l) = 691*l**2 - 315*l - 4. List the prime factors of u(4).
2, 3, 17
Let d(z) = 280*z**2 + 821*z + 4. List the prime factors of d(-4).
2, 3, 5
Suppose 9*p - 4*p - 46266 = 3*i, 0 = 2*p - 5*i - 18495. List the prime factors of p.
3, 5, 617
Suppose -4*y - 2674 = 678. Let u = y - -1297. What are the prime factors of u?
3, 17
Suppose 2*w = -6, h - 3*w + 2*w - 3362 = 0. List the prime factors of h.
3359
Let o(n) = 10*n - 21. Let r(b) = 3*b + 2. Let x be r(1). Let j be o(x). Suppose -23 - j = -g - 3*i, 0 = -4*i - 4. What are the prime factors of g?
5, 11
Suppose 13*u = 67786 + 24735. List the prime factors of u.
11, 647
Let a(h) = -13*h + 60. Let c be a(4). Suppose -22*n + 266 = -c*n. List the prime factors of n.
19
Let l be 8/(-12)*6108/8. Let d = -195 - l. Suppose -3*c = -5*r + d, -3*r = -c + 11 - 201. What are the prime factors of r?
2
Suppose -2629 = -2*q + 5*z, q + z = 5*q - 5195. List the prime factors of q.
1297
What are the prime factors of (2 - -6) + 2425844/59?
2, 3, 23, 149
Suppose -3*y = -5*t - 10, t - 3*y + 0 = -2. Let k be 2/t*0/23.